{"id":14633,"date":"2020-11-09T22:14:51","date_gmt":"2020-11-10T01:14:51","guid":{"rendered":"https:\/\/www.casachinaoficial.com\/?post_type=product&#038;p=14633"},"modified":"2026-04-26T19:50:38","modified_gmt":"2026-04-26T22:50:38","slug":"pan-rustico-multicereal-con-semillas-de-lino-chia-girasol-sesamo-y-quinoa-la-francia-x560gr","status":"publish","type":"product","link":"https:\/\/www.casachinaoficial.com\/chino\/tienda\/almacen\/panaderia\/pan-rustico-multicereal-con-semillas-de-lino-chia-girasol-sesamo-y-quinoa-la-francia-x560gr\/","title":{"rendered":"Pan R\u00fastico Multicereal con Semillas de Lino, Ch\u00eda Girasol, S\u00e9samo y Quinoa \u6742\u7cae\u9762\u5305 (La Francia) \/ x560gr"},"content":{"rendered":"","protected":false},"excerpt":{"rendered":"","protected":false},"featured_media":14349,"template":"","meta":[],"product_brand":[],"product_cat":[24,79],"product_tag":[],"class_list":{"0":"post-14633","1":"product","2":"type-product","3":"status-publish","4":"has-post-thumbnail","6":"product_cat-almacen","7":"product_cat-panaderia","9":"first","10":"instock","11":"shipping-taxable","12":"purchasable","13":"product-type-simple"},"_links":{"self":[{"href":"https:\/\/www.casachinaoficial.com\/chino\/wp-json\/wp\/v2\/product\/14633","targetHints":{"allow":["GET"]}}],"collection":[{"href":"https:\/\/www.casachinaoficial.com\/chino\/wp-json\/wp\/v2\/product"}],"about":[{"href":"https:\/\/www.casachinaoficial.com\/chino\/wp-json\/wp\/v2\/types\/product"}],"version-history":[{"count":0,"href":"https:\/\/www.casachinaoficial.com\/chino\/wp-json\/wp\/v2\/product\/14633\/revisions"}],"wp:featuredmedia":[{"embeddable":true,"href":"https:\/\/www.casachinaoficial.com\/chino\/wp-json\/wp\/v2\/media\/14349"}],"wp:attachment":[{"href":"https:\/\/www.casachinaoficial.com\/chino\/wp-json\/wp\/v2\/media?parent=14633"}],"wp:term":[{"taxonomy":"product_brand","embeddable":true,"href":"https:\/\/www.casachinaoficial.com\/chino\/wp-json\/wp\/v2\/product_brand?post=14633"},{"taxonomy":"product_cat","embeddable":true,"href":"https:\/\/www.casachinaoficial.com\/chino\/wp-json\/wp\/v2\/product_cat?post=14633"},{"taxonomy":"product_tag","embeddable":true,"href":"https:\/\/www.casachinaoficial.com\/chino\/wp-json\/wp\/v2\/product_tag?post=14633"}],"curies":[{"name":"wp","href":"https:\/\/api.w.org\/{rel}","templated":true}]}}